
8
Let x(u) = 20*u**2 - 971*u - 149. Give x(49).
292
Let o(z) = -317*z - 1849. Determine o(-6).
53
Let g(v) = -4*v**3 + 356*v**2 + 350*v + 907. Calculate g(90).
7
Let t(k) = 47192*k - 141762. Calculate t(3).
-186
Let i(v) = 629*v - 348457. Determine i(554).
9
Let a(d) = -111*d**2 + 17535*d + 486. Give a(158).
12
Let l(t) = -t**3 + 185*t**2 + 6*t - 454. What is l(185)?
656
Let l(z) = -z**3 + 76*z**2 + 484*z + 666. What is l(82)?
10
Let o(i) = -4*i**2 + 446*i - 2692. Calculate o(6).
-160
Let q(x) = -264*x**2 - 59667*x + 389. Give q(-226).
1067
Let b(o) = 2735*o + 11115. Calculate b(-4).
175
Let o(r) = -2863*r + 19998. Give o(7).
-43
Let h(s) = 40*s**2 + 1231*s - 237. Give h(-31).
42
Let k(h) = h**2 - 934*h + 13629. Determine k(15).
-156
Let m(y) = 16*y**2 - 237*y + 985. Determine m(7).
110
Let a(t) = -15*t**2 + 668*t - 7138. Determine a(18).
26
Let t(c) = 151*c + 541. Determine t(-3).
88
Let d(y) = -275451*y - 2203599. Determine d(-8).
9
Let t(o) = 649*o**3 - 2*o**2 - 9*o + 2. What is t(2)?
5168
Let g(l) = 2*l**2 + 33136*l + 165642. What is g(-5)?
12
Let l(z) = 3366*z + 3446. Give l(-1).
80
Let w(t) = -t**3 - 63*t**2 - 2075*t - 150020. Calculate w(-66).
-2
Let s(m) = -2*m**3 + 187*m**2 - 33*m + 11932. Calculate s(94).
-6
Let d(g) = 24*g**3 - 10*g**2 - 5550*g + 15. Calculate d(-15).
15
Let r(y) = -81*y + 8696. Determine r(108).
-52
Let q(g) = 201*g**2 + 4036*g + 301. Determine q(-20).
-19
Let z(k) = -1941*k + 485249. What is z(250)?
-1
Let v(f) = 1839*f + 34252. Determine v(-19).
-689
Let u(g) = 11*g**3 - 40*g**2 - 11*g + 101. Give u(3).
5
Let l(o) = -7*o**3 + 144*o**2 - 145*o + 24. What is l(19)?
1240
Let l(n) = 1233*n**2 + 292154*n - 15887. Determine l(-237).
-8
Let f(g) = 876*g + 608. Give f(-1).
-268
Let k(p) = -p**3 + 46*p**2 - 532*p + 119. Determine k(20).
-121
Let z(l) = -l**2 + 14131*l - 13288530. Calculate z(1013).
4
Let r(k) = -35620*k - 213730. Calculate r(-6).
-10
Let u(z) = -z**2 + 51934*z - 311562. Calculate u(6).
6
Let b(o) = 159*o + 6569. What is b(-42)?
-109
Let m(y) = 682*y + 255751. Give m(-375).
1
Let a(l) = -l**3 - 374*l**2 - 5032*l + 2888. Give a(-360).
8
Let a(u) = u**2 - 2524*u + 5055. What is a(2)?
11
Let y(s) = -8*s**3 + 177*s**2 - 154*s + 3311. What is y(22)?
407
Let b(w) = -10*w**2 - 215*w + 119. Give b(-22).
9
Let b(y) = -192*y**3 + 31487*y**2 + 143*y + 3435. Determine b(164).
-9
Let l(y) = 55*y**3 + 1210*y**2 - 5*y - 100. Calculate l(-22).
10
Let o(d) = d**3 - 18*d**2 + 10*d - 54. Calculate o(18).
126
Let y(s) = 18*s**3 + 20*s**2 - 398*s - 1858. Determine y(-4).
-1098
Let r(i) = -i**2 + 37*i + 88. What is r(45)?
-272
Let k(w) = -21348*w - 106713. Determine k(-5).
27
Let f(m) = 4*m**3 - 12*m**2 + 107*m + 23. Determine f(7).
1556
Let o(j) = 48*j**2 - 5331*j + 5533. Give o(110).
-77
Let y(v) = -v**2 - 194*v + 2538. Calculate y(15).
-597
Let m(l) = -44*l - 1584. Determine m(-66).
1320
Let p(b) = 9*b**2 - 797*b + 4682. Determine p(6).
224
Let m(y) = 11683*y - 93440. Give m(8).
24
Let b(l) = 66*l**2 + 3954*l - 364. Calculate b(-60).
-4
Let m(c) = 3*c**3 - 16*c**2 - 2752*c + 16435. Calculate m(6).
-5
Let n(c) = 12*c**2 - 3601*c + 3609. Determine n(1).
20
Let m(u) = -1021*u + 26549. What is m(26)?
3
Let c(l) = -23*l**2 - 870*l - 6690. Calculate c(-11).
97
Let p(i) = -2*i**3 - 3*i**2 + 45*i + 399. Calculate p(-10).
1649
Let a(x) = x**2 - 12*x - 623. Determine a(62).
2477
Let q(d) = -845*d - 4970. Determine q(-6).
100
Let g(x) = -17*x**2 - 554*x + 17865. Determine g(20).
-15
Let d(y) = y**2 + 185*y + 3130. Calculate d(-20).
-170
Let i(o) = 2*o**2 + 147*o - 5414. Calculate i(28).
270
Let s(w) = 2*w**3 + 3196*w**2 + 19069*w - 210. Give s(-6).
0
Let i(l) = -6318*l + 30567. Give i(4).
5295
Let u(t) = -2*t**2 - 60*t + 407. Give u(-37).
-111
Let s(i) = 21*i**2 - 1488*i - 72. Give s(71).
141
Let o(i) = 4587*i + 270624. What is o(-59)?
-9
Let f(t) = -438*t + 24776. Determine f(56).
248
Let f(o) = o**3 + 54*o**2 - 862*o - 46545. Calculate f(-54).
3
Let t(s) = -730*s - 4345. Determine t(-6).
35
Let t(x) = -x**3 + 46*x**2 + 679*x - 3554. Determine t(-15).
-14
Let z(s) = -44*s - 3339. Calculate z(-77).
49
Let d(n) = -49*n**3 + 1714*n**2 + 108*n - 3048. What is d(35)?
-493
Let a(p) = -13114*p - 1088467. Calculate a(-83).
-5
Let u(y) = -150*y + 23863. What is u(163)?
-587
Let p(w) = -2*w**3 + 19*w**2 - 59*w + 544. Determine p(13).
-1406
Let j(f) = -10215*f - 51486. Give j(-5).
-411
Let n(x) = x**3 - 23*x**2 - 425*x + 135. Give n(35).
-40
Let j(y) = -4034*y + 15975. What is j(4)?
-161
Let h(x) = -9*x**3 + 11456*x**2 + 1211*x + 78933. Give h(1273).
7
Let x(k) = -122*k**3 - 1098*k**2 + 12*k - 26. Calculate x(-9).
-134
Let d(v) = -105*v**2 + 234*v - 1. Give d(2).
47
Let p(r) = 290*r + 25643. Determine p(-89).
-167
Let l(v) = 4*v**3 - 62*v**2 - 10*v - 213. Determine l(17).
1351
Let h(d) = -2*d**3 - 34*d**2 + 5915*d + 18054. Calculate h(-3).
57
Let x(a) = -5*a**3 + 707*a**2 - 280*a + 132. Determine x(141).
414
Let k(s) = 6*s**3 + 4*s**2 - 50*s + 94. Give k(3).
142
Let f(l) = 16*l**2 - 2567*l + 30510. Determine f(13).
-157
Let n(o) = -140575*o + 7731619. Determine n(55).
-6
Let z(p) = 1546*p + 21643. Determine z(-14).
-1
Let r(s) = s**3 - 14*s**2 + 174*s - 2271. Calculate r(14).
165
Let j(h) = -h**3 + 84*h**2 + 116*h - 9738. Give j(84).
6
Let a(j) = 2*j**2 - 2557*j + 180514. Give a(75).
-11
Let n(f) = -315*f - 57554. Determine n(-183).
91
Let h(b) = -23*b**3 - 4*b**2 + 56*b + 186. Determine h(-3).
603
Let b(o) = 5*o**3 - 9*o**2 - 68*o + 102. Give b(6).
450
Let l(i) = 40717*i - 21213547. Calculate l(521).
10
Let d(b) = 12629*b - 328411. Give d(26).
-57
Let q(y) = 115*y**2 + 2225*y - 12826. Give q(-24).
14
Let m(z) = 125*z - 13347. Give m(107).
28
Let z(c) = -c**3 + 66099*c**2 - 6402195*c + 95. Give z(97).
-2
Let h(w) = 635910*w - 3179539. What is h(5)?
11
Let z(r) = -57*r**2 - 592*r + 2288. Give z(3).
-1
Let v(d) = -d**2 + 2703*d + 589957. Determine v(-203).
39
Let n(l) = -16587*l + 149239. What is n(9)?
-44
Let l(y) = 2*y**3 - 98*y**2 + 2*y + 171. Calculate l(49).
269
Let v(f) = 3*f**3 - 608*f**2 - 799*f + 120983. Give v(203).
-5
Let c(j) = 45*j**3 - 21*j**2 + 11*j - 14. Determine c(1).
21
Let n(f) = -f**3 + 20*f**2 - 31*f + 456. Give n(0).
456
Let d(a) = 1517*a - 193965. What is d(128)?
211
Let q(a) = -7113*a + 226662. What is q(32)?
-954
Let z(m) = -m**3 - 20*m**2 + 665*m + 4908. Calculate z(-35).
8
Let a(v) = -6*v**3 - 258*v**2 - 1. Give a(-43).
-1
Let w(m) = -8986*m - 718905. Give w(-80).
-25
Let t(c) = c**3 - 90*c**2 - 1367*c + 25860. Determine t(101).
4
Let k(b) = 1147*b + 502375. What is k(-438)?
-11
Let p(i) = 156532*i - 11. Give p(0).
-11
Let s(m) = -751*m + 111147. Determine s(148).
-1
Let a(i) = -i**3 + 499*i**2 - 4886*i - 1960. Give a(489).
-4
Let f(o) = 5*o**3 + 546*o**2 + 111*o + 89. What is f(-109)?
-129
Let a(h) = 6581*h - 927924. Determine a(141).
-3
Let u(c) = c**3 + 28*c**2 + 34*c - 6. Determine u(-11).
1677
Let w(f) = 1036*f**2 + 26933*f + 103. Calculate w(-26).
181
Let x(i) = -4434*i - 35530. Give x(-8).
-58
Let b(m) = -24*m**2 + 7657*m - 312. Give b(319).
7
Let m(b) = -4*b**2 + 423*b + 3665. Determine m(-8).
25
Let f(n) = 4*n**2 - 216*n - 8829. Calculate f(-32).
2179
Let b(p) = 156*p**2 + 1042*p - 480. Give b(-7).
-130
Let z(v) = -41*v**2 + 3401*v - 3207. Give z(82).
-9
Let h(t) = t**2 - 1297*t + 57397. What is h(46)?
-149
Let u(t) = -t**2 + 100*t + 13139. Determine u(176).
-237
Let i(l) = -l**2 - 3405*l + 37536. Give i(11).
-40
Let k(g) = -1383*g - 16582. Calculate k(-12).
14
Let f(l) = -2911*l - 602586. Give f(-207).
-9
Let h(r) = 699*r + 110378. Give h(-158).
-64
Let a(b) = -13*b**2 - 235*b - 948. Determine a(-6).
-6
Let o(u) = -u**3 + 110*u**2 - 662*u + 271. Calculate o(6).
43
Let f(s) = -11*s**2 + 574*s - 233. Calculate f(54).
-1313
Let i(g) = g**3 - 145*g**2 + 39*g - 5757. Calculate i(145).
-102
Let y(n) = 3*n**3 + 186*n**2 - 7590*n + 820. Determine y(28).
-20
Let k(p) = 3*p**2 + 260*p + 4420. Calculate k(-24).
-92
Let b(v) = 2*v**3 - 14*v**2 + 166*v - 1105. Calculate b(7).
57
Let c(k) = 1692*k + 28805. Calculate c(-17).
41
Let r(d) = 4919*d + 226252. Calculate r(-46).
-22
Let v(s) = -s**3 + 233*s**2 + 38174*s - 1166. Calculate v(-111).
-56
Let j(q) = 3*q**2 - 802*q + 12087. Give j(15).
732
Let j(y) = 3*y**3 + 262*